en 13113 is divided by 503.
35
Calculate the remainder when 42362 is divided by 1941.
1601
What is the remainder when 21715 is divided by 58?
23
Calculate the remainder when 5125 is divided by 495.
175
What is the remainder when 1201198 is divided by 88?
86
Calculate the remainder when 4217 is divided by 94.
81
What is the remainder when 152507 is divided by 284?
283
What is the remainder when 490 is divided by 438?
52
What is the remainder when 222585 is divided by 486?
483
What is the remainder when 114311 is divided by 122?
119
What is the remainder when 2377 is divided by 165?
67
Calculate the remainder when 25534 is divided by 6334.
198
What is the remainder when 158671 is divided by 507?
487
What is the remainder when 3496 is divided by 1328?
840
Calculate the remainder when 22931 is divided by 22649.
282
Calculate the remainder when 9498 is divided by 161.
160
Calculate the remainder when 954 is divided by 458.
38
Calculate the remainder when 6123 is divided by 236.
223
What is the remainder when 625 is divided by 596?
29
What is the remainder when 3298 is divided by 35?
8
Calculate the remainder when 85186 is divided by 382.
0
Calculate the remainder when 32284 is divided by 22.
10
Calculate the remainder when 1058581 is divided by 581.
580
Calculate the remainder when 149868 is divided by 38.
34
What is the remainder when 31839 is divided by 9?
6
What is the remainder when 247419 is divided by 695?
694
What is the remainder when 64928 is divided by 511?
31
Calculate the remainder when 325308 is divided by 17121.
9
What is the remainder when 4776 is divided by 4602?
174
Calculate the remainder when 48250 is divided by 127.
117
What is the remainder when 324558 is divided by 132?
102
What is the remainder when 1735809 is divided by 156?
153
Calculate the remainder when 2626 is divided by 2610.
16
What is the remainder when 4394818 is divided by 949?
948
Calculate the remainder when 1883 is divided by 359.
88
What is the remainder when 44927 is divided by 14842?
401
What is the remainder when 2028 is divided by 645?
93
Calculate the remainder when 11541 is divided by 10989.
552
Calculate the remainder when 11921 is divided by 5560.
801
Calculate the remainder when 574 is divided by 266.
42
Calculate the remainder when 15462 is divided by 286.
18
What is the remainder when 3780 is divided by 79?
67
Calculate the remainder when 3139 is divided by 846.
601
What is the remainder when 13125 is divided by 1009?
8
What is the remainder when 136701 is divided by 64?
61
What is the remainder when 125964 is divided by 199?
196
Calculate the remainder when 1693648 is divided by 21.
19
What is the remainder when 4401 is divided by 4361?
40
What is the remainder when 1885 is divided by 620?
25
What is the remainder when 58632 is divided by 1247?
23
What is the remainder when 3916907 is divided by 496?
491
Calculate the remainder when 40015 is divided by 618.
463
What is the remainder when 1350822 is divided by 31?
28
Calculate the remainder when 10794 is divided by 90.
84
Calculate the remainder when 10750 is divided by 711.
85
Calculate the remainder when 481 is divided by 183.
115
What is the remainder when 79305 is divided by 472?
9
Calculate the remainder when 1079976 is divided by 215995.
1
Calculate the remainder when 12402 is divided by 170.
162
Calculate the remainder when 299 is divided by 123.
53
What is the remainder when 665030 is divided by 15?
5
What is the remainder when 12075 is divided by 99?
96
Calculate the remainder when 68399 is divided by 240.
239
Calculate the remainder when 3952 is divided by 247.
0
What is the remainder when 27269 is divided by 8459?
1892
What is the remainder when 204606 is divided by 10230?
6
What is the remainder when 299826 is divided by 11?
10
What is the remainder when 31793 is divided by 2442?
47
Calculate the remainder when 29406 is divided by 1143.
831
What is the remainder when 17340 is divided by 2886?
24
What is the remainder when 443981 is divided by 88794?
11
What is the remainder when 6546347 is divided by 46?
41
What is the remainder when 3763 is divided by 708?
223
Calculate the remainder when 3731 is divided by 279.
104
Calculate the remainder when 1083574 is divided by 26.
24
Calculate the remainder when 728 is divided by 353.
22
Calculate the remainder when 252 is divided by 30.
12
What is the remainder when 4651 is divided by 1299?
754
What is the remainder when 104807 is divided by 34894?
125
Calculate the remainder when 8524 is divided by 532.
12
Calculate the remainder when 26298 is divided by 45.
18
Calculate the remainder when 6156 is divided by 3039.
78
What is the remainder when 5437 is divided by 2702?
33
Calculate the remainder when 3632 is divided by 404.
400
What is the remainder when 8916 is divided by 16?
4
What is the remainder when 22196 is divided by 1103?
136
Calculate the remainder when 29210 is divided by 83.
77
What is the remainder when 1534 is divided by 186?
46
Calculate the remainder when 24346 is divided by 33.
25
Calculate the remainder when 11544 is divided by 43.
20
What is the remainder when 12846 is divided by 15?
6
What is the remainder when 21563 is divided by 263?
260
Calculate the remainder when 3186 is divided by 1050.
36
Calculate the remainder when 512 is divided by 498.
14
What is the remainder when 13263 is divided by 284?
199
What is the remainder when 2238 is divided by 1325?
913
What is the remainder when 7218 is divided by 28?
22
Calculate the remainder when 64249 is divided by 7134.
43
What is the remainder when 110471 is divided by 25?
21
What is the remainder when 22151 is divided by 1010?
941
What is the remainder when 276 is divided by 240?
36
What is the remainder when 4444 is divided by 887?
9
What is the remainder when 223 is divided by 4?
3
What is the remainder when 279677 is divided by 160?
157
What is the remainder when 320915 is divided by 282?
281
What is the remainder when 3430022 is divided by 52?
50
What is the remainder when 2265 is divided by 294?
207
Calculate the remainder when 10939 is divided by 146.
135
Calculate the remainder when 78288 is divided by 10.
8
Calculate the remainder when 39505 is divided by 90.
85
What is the remainder when 383715 is divided by 10097?
29
What is the remainder when 16122 is divided by 131?
9
What is the remainder when 914 is divided by 787?
127
What is the remainder when 17695 is divided by 807?
748
What is the remainder when 6281 is divided by 631?
602
Calculate the remainder when 79626 is divided by 95.
16
Calculate the remainder when 8832 is divided by 170.
162
What is the remainder when 40066 is divided by 138?
46
What is the remainder when 53603 is divided by 53590?
13
What is the remainder when 72224 is divided by 107?
106
Calculate the remainder when 57798 is divided by 98.
76
Calculate the remainder when 11110 is divided by 1850.
10
Calculate the remainder when 15757 is divided by 216.
205
What is the remainder when 109896 is divided by 36630?
6
Calculate the remainder when 143278 is divided by 208.
174
What is the remainder when 2818 is divided by 2105?
713
What is the remainder when 46925 is divided by 198?
197
What is the remainder when 31281 is divided by 44?
41
Calculate the remainder when 2870 is divided by 317.
17
Calculate the remainder when 1549349 is divided by 96834.
5
What is the remainder when 25755 is divided by 961?
769
What is the remainder when 324257 is divided by 162119?
19
Calculate the remainder when 28302 is divided by 298.
290
Calculate the remainder when 222 is divided by 65.
27
Calculate the remainder when 93172 is divided by 76.
72
Calculate the remainder when 860 is divided by 751.
109
What is the remainder when 6494 is divided by 146?
70
Calculate the remainder when 20676 is divided by 1377.
21
Calculate the remainder when 2951 is divided by 2822.
129
What is the remainder when 63810 is divided by 227?
23
What is the remainder when 201033 is divided by 127?
119
What is the remainder when 4057 is divided by 271?
263
Calculate the remainder when 7375 is divided by 734.
35
Calculate the remainder when 18890 is divided by 163.
145
What is the remainder when 10768 is divided by 229?
5
Calculate the remainder when 816965 is divided by 51.
47
What is the rema